{"id":8777,"date":"2021-06-22T09:27:26","date_gmt":"2021-06-22T12:27:26","guid":{"rendered":"http:\/\/filmambiente.com\/?page_id=8777"},"modified":"2023-09-01T09:06:52","modified_gmt":"2023-09-01T12:06:52","slug":"filmambiente-7","status":"publish","type":"page","link":"https:\/\/filmambiente.com\/en\/filmambiente-7\/","title":{"rendered":"Filmambiente 7"},"content":{"rendered":"<div data-elementor-type=\"wp-page\" data-elementor-id=\"8777\" class=\"elementor elementor-8777\" data-elementor-post-type=\"page\">\n\t\t\t\t\t\t<section class=\"elementor-section elementor-top-section elementor-element elementor-element-ff61fcc elementor-section-boxed elementor-section-height-default elementor-section-height-default\" data-id=\"ff61fcc\" data-element_type=\"section\" data-settings=\"{&quot;_ha_eqh_enable&quot;:false}\">\n\t\t\t\t\t\t<div class=\"elementor-container elementor-column-gap-default\">\n\t\t\t\t\t<div class=\"elementor-column elementor-col-100 elementor-top-column elementor-element elementor-element-948abf5\" data-id=\"948abf5\" data-element_type=\"column\">\n\t\t\t<div class=\"elementor-widget-wrap elementor-element-populated\">\n\t\t\t\t\t\t<div class=\"elementor-element elementor-element-ef71e50 elementor-widget elementor-widget-heading\" data-id=\"ef71e50\" data-element_type=\"widget\" data-widget_type=\"heading.default\">\n\t\t\t\t\t<h2 class=\"elementor-heading-title elementor-size-default\">Filmambiente 2017- Setembro, Outubro, Novembro - Rio de Janeiro\n<\/h2>\t\t\t\t<\/div>\n\t\t\t\t\t<\/div>\n\t\t<\/div>\n\t\t\t\t\t<\/div>\n\t\t<\/section>\n\t\t\t\t<section class=\"elementor-section elementor-top-section elementor-element elementor-element-f0f5364 elementor-section-boxed elementor-section-height-default elementor-section-height-default\" data-id=\"f0f5364\" data-element_type=\"section\" data-settings=\"{&quot;_ha_eqh_enable&quot;:false}\">\n\t\t\t\t\t\t<div class=\"elementor-container elementor-column-gap-default\">\n\t\t\t\t\t<div class=\"elementor-column elementor-col-100 elementor-top-column elementor-element elementor-element-441824a\" data-id=\"441824a\" data-element_type=\"column\">\n\t\t\t<div class=\"elementor-widget-wrap elementor-element-populated\">\n\t\t\t\t\t\t<div class=\"elementor-element elementor-element-ff2dbc9 elementor-widget elementor-widget-video\" data-id=\"ff2dbc9\" data-element_type=\"widget\" data-settings=\"{&quot;youtube_url&quot;:&quot;https:\\\/\\\/www.youtube.com\\\/watch?v=vUCqv3GdEcY&quot;,&quot;autoplay&quot;:&quot;yes&quot;,&quot;play_on_mobile&quot;:&quot;yes&quot;,&quot;loop&quot;:&quot;yes&quot;,&quot;yt_privacy&quot;:&quot;yes&quot;,&quot;video_type&quot;:&quot;youtube&quot;}\" data-widget_type=\"video.default\">\n\t\t\t\t\t\t\t<div class=\"elementor-wrapper elementor-open-inline\">\n\t\t\t<div class=\"elementor-video\"><\/div>\t\t<\/div>\n\t\t\t\t\t\t<\/div>\n\t\t\t\t\t<\/div>\n\t\t<\/div>\n\t\t\t\t\t<\/div>\n\t\t<\/section>\n\t\t\t\t<section class=\"elementor-section elementor-top-section elementor-element elementor-element-4490f4c elementor-section-boxed elementor-section-height-default elementor-section-height-default\" data-id=\"4490f4c\" data-element_type=\"section\" data-settings=\"{&quot;_ha_eqh_enable&quot;:false}\">\n\t\t\t\t\t\t<div class=\"elementor-container elementor-column-gap-default\">\n\t\t\t\t\t<div class=\"elementor-column elementor-col-100 elementor-top-column elementor-element elementor-element-ad87a16\" data-id=\"ad87a16\" data-element_type=\"column\" data-settings=\"{&quot;background_background&quot;:&quot;classic&quot;}\">\n\t\t\t<div class=\"elementor-widget-wrap elementor-element-populated\">\n\t\t\t\t\t\t<div class=\"elementor-element elementor-element-dfa7ab4 elementor-widget elementor-widget-text-editor\" data-id=\"dfa7ab4\" data-element_type=\"widget\" data-widget_type=\"text-editor.default\">\n\t\t\t\t\t\t\t\t\tDue to special circumstances, Filmambiente 2017 was not held as usual, one week presenting short and feature films in competition. Instead, we had special screenings, followed by debates, along the months of September, October and November.\t\t\t\t\t\t\t\t<\/div>\n\t\t\t\t<div class=\"elementor-element elementor-element-5695371 elementor-widget elementor-widget-heading\" data-id=\"5695371\" data-element_type=\"widget\" data-widget_type=\"heading.default\">\n\t\t\t\t\t<h2 class=\"elementor-heading-title elementor-size-default\">September, 27th - Ba\u00eda Urbana, by Ricardo Gomes (Brazil)<\/h2>\t\t\t\t<\/div>\n\t\t\t\t<div class=\"elementor-element elementor-element-2ba9381 elementor-widget elementor-widget-text-editor\" data-id=\"2ba9381\" data-element_type=\"widget\" data-widget_type=\"text-editor.default\">\n\t\t\t\t\t\t\t\t\tDocumentary about one of the main postcards of Rio de Janeiro seen from a completely new angle: the bottom of the waters of Guanabara Bay. Focusing on characters who live in the surroundings, know its species and problems.<br><\/br>\n\nEspa\u00e7o Ita\u00fa de Cinema \u2013 Praia de Botafogo 316.\t\t\t\t\t\t\t\t<\/div>\n\t\t\t\t<div class=\"elementor-element elementor-element-f0638a2 elementor-widget elementor-widget-heading\" data-id=\"f0638a2\" data-element_type=\"widget\" data-widget_type=\"heading.default\">\n\t\t\t\t\t<h2 class=\"elementor-heading-title elementor-size-default\">October, 18th - Astral, by Jordi \u00c9vole (Spain)<\/h2>\t\t\t\t<\/div>\n\t\t\t\t<div class=\"elementor-element elementor-element-1d1bfc6 elementor-widget elementor-widget-text-editor\" data-id=\"1d1bfc6\" data-element_type=\"widget\" data-widget_type=\"text-editor.default\">\n\t\t\t\t\t\t\t\t\tDocumentary directed by well-known Spanish journalist and television presenter Jordi \u00c9vole, tells the awe-inspiring story of a luxury sailboat converted into a sea rescue boat for refugees trying to cross the Mediterranean Sea in search of a better future in the European continent.<br><\/br>\n\nEspa\u00e7o Ita\u00fa de Cinema \u2013 Praia de Botafogo 316.\t\t\t\t\t\t\t\t<\/div>\n\t\t\t\t<div class=\"elementor-element elementor-element-82f64a0 elementor-widget elementor-widget-heading\" data-id=\"82f64a0\" data-element_type=\"widget\" data-widget_type=\"heading.default\">\n\t\t\t\t\t<h2 class=\"elementor-heading-title elementor-size-default\">dia 14 de novembro, Beyond Fordl\u00e2ndia, de Marcos Col\u00f3n (USA)<\/h2>\t\t\t\t<\/div>\n\t\t\t\t<div class=\"elementor-element elementor-element-85de78b elementor-widget elementor-widget-text-editor\" data-id=\"85de78b\" data-element_type=\"widget\" data-widget_type=\"text-editor.default\">\n\t\t\t\t\t\t\t\t\tDocumentary about the unsuccessful Henry Ford\u2019s attempt to establish a rubber plantation along the Tapaj\u00f3 River, in the Amazon, in 1927; the transition to the successful soy plantation for exportation in the region, and the reflections to forest preservation. \nThe screening will be followed by a debate with the director, and the specialists in Amazon: Professor Marcus Barros and the journalist L\u00facio Fl\u00e1vio Pinto.<br><\/br>\n\nEspa\u00e7o Ita\u00fa de Cinema \u2013 Praia de Botafogo 316.\t\t\t\t\t\t\t\t<\/div>\n\t\t\t\t\t<\/div>\n\t\t<\/div>\n\t\t\t\t\t<\/div>\n\t\t<\/section>\n\t\t\t\t<section class=\"elementor-section elementor-top-section elementor-element elementor-element-bb0a3ad elementor-section-full_width elementor-section-stretched elementor-hidden-desktop elementor-hidden-tablet elementor-section-height-default elementor-section-height-default\" data-id=\"bb0a3ad\" data-element_type=\"section\" data-settings=\"{&quot;stretch_section&quot;:&quot;section-stretched&quot;,&quot;_ha_eqh_enable&quot;:false}\">\n\t\t\t\t\t\t<div class=\"elementor-container elementor-column-gap-default\">\n\t\t\t\t\t<div class=\"elementor-column elementor-col-100 elementor-top-column elementor-element elementor-element-69249d1\" data-id=\"69249d1\" data-element_type=\"column\">\n\t\t\t<div class=\"elementor-widget-wrap\">\n\t\t\t\t\t\t\t<\/div>\n\t\t<\/div>\n\t\t\t\t\t<\/div>\n\t\t<\/section>\n\t\t\t\t<\/div>","protected":false},"excerpt":{"rendered":"<p>Filmambiente 2017- Setembro, Outubro, Novembro &#8211; Rio de Janeiro https:\/\/www.youtube.com\/watch?v=vUCqv3GdEcYDevido a circunst\u00e2ncias excepcionais, o Filmambiente 2017 n\u00e3o aconteceu em seu formato tradicional, com uma mostra competitiva de longa e curta metragem. Ao longo dos meses de setembro, outubro e novembro foram programadas algumas sess\u00f5es especiais, no Espa\u00e7o Ita\u00fa de Cinema, seguidas de debates. dia 27 [&hellip;]<\/p>","protected":false},"author":2,"featured_media":0,"parent":0,"menu_order":0,"comment_status":"closed","ping_status":"closed","template":"elementor_header_footer","meta":{"_acf_changed":false,"footnotes":""},"class_list":["post-8777","page","type-page","status-publish","hentry"],"acf":[],"_links":{"self":[{"href":"https:\/\/filmambiente.com\/en\/wp-json\/wp\/v2\/pages\/8777","targetHints":{"allow":["GET"]}}],"collection":[{"href":"https:\/\/filmambiente.com\/en\/wp-json\/wp\/v2\/pages"}],"about":[{"href":"https:\/\/filmambiente.com\/en\/wp-json\/wp\/v2\/types\/page"}],"author":[{"embeddable":true,"href":"https:\/\/filmambiente.com\/en\/wp-json\/wp\/v2\/users\/2"}],"replies":[{"embeddable":true,"href":"https:\/\/filmambiente.com\/en\/wp-json\/wp\/v2\/comments?post=8777"}],"version-history":[{"count":47,"href":"https:\/\/filmambiente.com\/en\/wp-json\/wp\/v2\/pages\/8777\/revisions"}],"predecessor-version":[{"id":17339,"href":"https:\/\/filmambiente.com\/en\/wp-json\/wp\/v2\/pages\/8777\/revisions\/17339"}],"wp:attachment":[{"href":"https:\/\/filmambiente.com\/en\/wp-json\/wp\/v2\/media?parent=8777"}],"curies":[{"name":"wp","href":"https:\/\/api.w.org\/{rel}","templated":true}]}}

<div data-elementor-type="wp-page" data-elementor-id="8777" class="elementor elementor-8777" data-elementor-post-type="page">
						<section class="elementor-section elementor-top-section elementor-element elementor-element-ff61fcc elementor-section-boxed elementor-section-height-default elementor-section-height-default" data-id="ff61fcc" data-element_type="section" data-settings="{&quot;_ha_eqh_enable&quot;:false}">
						<div class="elementor-container elementor-column-gap-default">
					<div class="elementor-column elementor-col-100 elementor-top-column elementor-element elementor-element-948abf5" data-id="948abf5" data-element_type="column">
			<div class="elementor-widget-wrap elementor-element-populated">
						<div class="elementor-element elementor-element-ef71e50 elementor-widget elementor-widget-heading" data-id="ef71e50" data-element_type="widget" data-widget_type="heading.default">
					<h2 class="elementor-heading-title elementor-size-default">Filmambiente 2017- Setembro, Outubro, Novembro - Rio de Janeiro
</h2>				</div>
					</div>
		</div>
					</div>
		</section>
				<section class="elementor-section elementor-top-section elementor-element elementor-element-f0f5364 elementor-section-boxed elementor-section-height-default elementor-section-height-default" data-id="f0f5364" data-element_type="section" data-settings="{&quot;_ha_eqh_enable&quot;:false}">
						<div class="elementor-container elementor-column-gap-default">
					<div class="elementor-column elementor-col-100 elementor-top-column elementor-element elementor-element-441824a" data-id="441824a" data-element_type="column">
			<div class="elementor-widget-wrap elementor-element-populated">
						<div class="elementor-element elementor-element-ff2dbc9 elementor-widget elementor-widget-video" data-id="ff2dbc9" data-element_type="widget" data-settings="{&quot;youtube_url&quot;:&quot;https:\/\/www.youtube.com\/watch?v=vUCqv3GdEcY&quot;,&quot;autoplay&quot;:&quot;yes&quot;,&quot;play_on_mobile&quot;:&quot;yes&quot;,&quot;loop&quot;:&quot;yes&quot;,&quot;yt_privacy&quot;:&quot;yes&quot;,&quot;video_type&quot;:&quot;youtube&quot;}" data-widget_type="video.default">
							<div class="elementor-wrapper elementor-open-inline">
			<div class="elementor-video"></div>		</div>
						</div>
					</div>
		</div>
					</div>
		</section>
				<section class="elementor-section elementor-top-section elementor-element elementor-element-4490f4c elementor-section-boxed elementor-section-height-default elementor-section-height-default" data-id="4490f4c" data-element_type="section" data-settings="{&quot;_ha_eqh_enable&quot;:false}">
						<div class="elementor-container elementor-column-gap-default">
					<div class="elementor-column elementor-col-100 elementor-top-column elementor-element elementor-element-ad87a16" data-id="ad87a16" data-element_type="column" data-settings="{&quot;background_background&quot;:&quot;classic&quot;}">
			<div class="elementor-widget-wrap elementor-element-populated">
						<div class="elementor-element elementor-element-dfa7ab4 elementor-widget elementor-widget-text-editor" data-id="dfa7ab4" data-element_type="widget" data-widget_type="text-editor.default">
									Due to special circumstances, Filmambiente 2017 was not held as usual, one week presenting short and feature films in competition. Instead, we had special screenings, followed by debates, along the months of September, October and November.								</div>
				<div class="elementor-element elementor-element-5695371 elementor-widget elementor-widget-heading" data-id="5695371" data-element_type="widget" data-widget_type="heading.default">
					<h2 class="elementor-heading-title elementor-size-default">September, 27th - Baía Urbana, by Ricardo Gomes (Brazil)</h2>				</div>
				<div class="elementor-element elementor-element-2ba9381 elementor-widget elementor-widget-text-editor" data-id="2ba9381" data-element_type="widget" data-widget_type="text-editor.default">
									Documentary about one of the main postcards of Rio de Janeiro seen from a completely new angle: the bottom of the waters of Guanabara Bay. Focusing on characters who live in the surroundings, know its species and problems.<br></br>

Espaço Itaú de Cinema – Praia de Botafogo 316.								</div>
				<div class="elementor-element elementor-element-f0638a2 elementor-widget elementor-widget-heading" data-id="f0638a2" data-element_type="widget" data-widget_type="heading.default">
					<h2 class="elementor-heading-title elementor-size-default">October, 18th - Astral, by Jordi Évole (Spain)</h2>				</div>
				<div class="elementor-element elementor-element-1d1bfc6 elementor-widget elementor-widget-text-editor" data-id="1d1bfc6" data-element_type="widget" data-widget_type="text-editor.default">
									Documentary directed by well-known Spanish journalist and television presenter Jordi Évole, tells the awe-inspiring story of a luxury sailboat converted into a sea rescue boat for refugees trying to cross the Mediterranean Sea in search of a better future in the European continent.<br></br>

Espaço Itaú de Cinema – Praia de Botafogo 316.								</div>
				<div class="elementor-element elementor-element-82f64a0 elementor-widget elementor-widget-heading" data-id="82f64a0" data-element_type="widget" data-widget_type="heading.default">
					<h2 class="elementor-heading-title elementor-size-default">dia 14 de novembro, Beyond Fordlândia, de Marcos Colón (USA)</h2>				</div>
				<div class="elementor-element elementor-element-85de78b elementor-widget elementor-widget-text-editor" data-id="85de78b" data-element_type="widget" data-widget_type="text-editor.default">
									Documentary about the unsuccessful Henry Ford’s attempt to establish a rubber plantation along the Tapajó River, in the Amazon, in 1927; the transition to the successful soy plantation for exportation in the region, and the reflections to forest preservation. 
The screening will be followed by a debate with the director, and the specialists in Amazon: Professor Marcus Barros and the journalist Lúcio Flávio Pinto.<br></br>

Espaço Itaú de Cinema – Praia de Botafogo 316.								</div>
					</div>
		</div>
					</div>
		</section>
				<section class="elementor-section elementor-top-section elementor-element elementor-element-bb0a3ad elementor-section-full_width elementor-section-stretched elementor-hidden-desktop elementor-hidden-tablet elementor-section-height-default elementor-section-height-default" data-id="bb0a3ad" data-element_type="section" data-settings="{&quot;stretch_section&quot;:&quot;section-stretched&quot;,&quot;_ha_eqh_enable&quot;:false}">
						<div class="elementor-container elementor-column-gap-default">
					<div class="elementor-column elementor-col-100 elementor-top-column elementor-element elementor-element-69249d1" data-id="69249d1" data-element_type="column">
			<div class="elementor-widget-wrap">
							</div>
		</div>
					</div>
		</section>
				</div>

<p>Filmambiente 2017- Setembro, Outubro, Novembro &#8211; Rio de Janeiro https://www.youtube.com/watch?v=vUCqv3GdEcYDevido a circunstâncias excepcionais, o Filmambiente 2017 não aconteceu em seu formato tradicional, com uma mostra competitiva de longa e curta metragem. Ao longo dos meses de setembro, outubro e novembro foram programadas algumas sessões especiais, no Espaço Itaú de Cinema, seguidas de debates. dia 27 [&hellip;]</p>
