{"id":15744,"date":"2022-10-03T15:24:47","date_gmt":"2022-10-03T18:24:47","guid":{"rendered":"https:\/\/filmambiente.com\/?page_id=15744"},"modified":"2022-10-03T15:46:28","modified_gmt":"2022-10-03T18:46:28","slug":"debate-vento-na-fronteira","status":"publish","type":"page","link":"https:\/\/filmambiente.com\/en\/debate-vento-na-fronteira\/","title":{"rendered":"Debate Vento na Fronteira"},"content":{"rendered":"<div data-elementor-type=\"wp-page\" data-elementor-id=\"15744\" class=\"elementor elementor-15744\" data-elementor-post-type=\"page\">\n\t\t\t\t\t\t<section class=\"elementor-section elementor-top-section elementor-element elementor-element-79af01f elementor-section-boxed elementor-section-height-default elementor-section-height-default\" data-id=\"79af01f\" data-element_type=\"section\" data-settings=\"{&quot;background_background&quot;:&quot;classic&quot;,&quot;_ha_eqh_enable&quot;:false}\">\n\t\t\t\t\t\t\t<div class=\"elementor-background-overlay\"><\/div>\n\t\t\t\t\t\t\t<div class=\"elementor-container elementor-column-gap-default\">\n\t\t\t\t\t<div class=\"elementor-column elementor-col-50 elementor-top-column elementor-element elementor-element-368e51d animated-slow elementor-invisible\" data-id=\"368e51d\" data-element_type=\"column\" data-settings=\"{&quot;background_background&quot;:&quot;classic&quot;,&quot;animation&quot;:&quot;slideInUp&quot;,&quot;animation_delay&quot;:600}\">\n\t\t\t<div class=\"elementor-widget-wrap elementor-element-populated\">\n\t\t\t\t\t\t<div class=\"elementor-element elementor-element-4226181 elementor-widget elementor-widget-heading\" data-id=\"4226181\" data-element_type=\"widget\" data-widget_type=\"heading.default\">\n\t\t\t\t\t<h2 class=\"elementor-heading-title elementor-size-default\">Debate<br>The Wind Blows the Border<\/h2>\t\t\t\t<\/div>\n\t\t\t\t<div class=\"elementor-element elementor-element-d8113d5 elementor-widget elementor-widget-text-editor\" data-id=\"d8113d5\" data-element_type=\"widget\" data-widget_type=\"text-editor.default\">\n\t\t\t\t\t\t\t\t\tAp\u00f3s a sess\u00e3o de <em>The Wind Blows the Border<\/em>, debate com a personagem Alenir Aquino Ximendes &#8211; em Guarani,\u00a0Ku\u00f1a Poty Rendy&#8217;I \u2013 e outro(s) nome(s) a ser(em) confirmado(os) sobre a dram\u00e1tica situa\u00e7\u00e3o de ataque aos ind\u00edgenas Guarani Kaiow\u00e1 no Mato Grosso do Sul.\t\t\t\t\t\t\t\t<\/div>\n\t\t\t\t<div class=\"elementor-element elementor-element-e4610de elementor-widget elementor-widget-heading\" data-id=\"e4610de\" data-element_type=\"widget\" data-widget_type=\"heading.default\">\n\t\t\t\t\t<h2 class=\"elementor-heading-title elementor-size-default\">ALENIR AQUINO XIMENDES | KU\u00d1A POTY RENDY'I<\/h2>\t\t\t\t<\/div>\n\t\t\t\t<div class=\"elementor-element elementor-element-1f3e750 elementor-widget elementor-widget-text-editor\" data-id=\"1f3e750\" data-element_type=\"widget\" data-widget_type=\"text-editor.default\">\n\t\t\t\t\t\t\t\t\t<p class=\"translation-block\">An indigenous of the Kaiow\u00e1 ethnic group, she is one of the representatives of the Ku\u00f1ague Aty Guasu, the Great Assembly of Kaiow\u00e1 and Guarani Women, which deals with issues such as: domestic violence, state violence, attacks by gunmen on communities, food sovereignty, pesticides and the impacts of monoculture surrounding the villages, racism, prejudice, religious intolerance, rights of children and adolescents, rights of elders, environment, climate and all the Guarani Kaiow\u00e1 struggle\/mobilization agenda.<\/p><p class=\"translation-block\">Alenir is director of the Mbo'eroy Tup\u00e3'i Municipal School Arandu Re\u00f1o'i. She\u2019s also part of the leadership committee of the \u00d1ande Ru Marangatu Indigenous Land, in southern Mato Grosso do Sul, on the border with Paraguay, a place of years of systematic violence against indigenous people. Alenir is also one of the leaders of Tekoha \u201c\u00d1ande Ru Marangatu\u201d.<\/p><p><em>\u00a0<\/em>The Debate will take place at Blooks bookstore, at the entrance of Espa\u00e7o Itau de Cinema.<\/p>\t\t\t\t\t\t\t\t<\/div>\n\t\t\t\t\t<\/div>\n\t\t<\/div>\n\t\t\t\t<div class=\"elementor-column elementor-col-50 elementor-top-column elementor-element elementor-element-c817461 animated-slow elementor-invisible\" data-id=\"c817461\" data-element_type=\"column\" data-settings=\"{&quot;animation&quot;:&quot;slideInUp&quot;,&quot;animation_delay&quot;:600}\">\n\t\t\t<div class=\"elementor-widget-wrap elementor-element-populated\">\n\t\t\t\t\t\t<div class=\"elementor-element elementor-element-ea0cec7 elementor-widget elementor-widget-heading\" data-id=\"ea0cec7\" data-element_type=\"widget\" data-widget_type=\"heading.default\">\n\t\t\t\t\t<h2 class=\"elementor-heading-title elementor-size-default\">November, 7th <br> 11am <br>(Brazil time | GMT -3) <\/h2>\t\t\t\t<\/div>\n\t\t\t\t<div class=\"elementor-element elementor-element-aa4cab1 elementor-align-center elementor-hidden-desktop elementor-hidden-tablet elementor-hidden-mobile elementor-widget elementor-widget-button\" data-id=\"aa4cab1\" data-element_type=\"widget\" data-widget_type=\"button.default\">\n\t\t\t\t\t\t\t\t\t\t<a class=\"elementor-button elementor-button-link elementor-size-sm elementor-animation-grow\" href=\"https:\/\/us06web.zoom.us\/webinar\/register\/WN_Y9ZJS_69Qxu4FTEVpjAn9Q\" target=\"_blank\">\n\t\t\t\t\t\t<span class=\"elementor-button-content-wrapper\">\n\t\t\t\t\t\t\t\t\t<span class=\"elementor-button-text\">REGISTER<\/span>\n\t\t\t\t\t<\/span>\n\t\t\t\t\t<\/a>\n\t\t\t\t\t\t\t\t<\/div>\n\t\t\t\t<div class=\"elementor-element elementor-element-0c778e9 elementor-hidden-desktop elementor-hidden-tablet elementor-hidden-mobile elementor-widget elementor-widget-heading\" data-id=\"0c778e9\" data-element_type=\"widget\" data-widget_type=\"heading.default\">\n\t\t\t\t\t<h2 class=\"elementor-heading-title elementor-size-default\">Available Worldwide<\/h2>\t\t\t\t<\/div>\n\t\t\t\t<div class=\"elementor-element elementor-element-c844021 elementor-widget elementor-widget-image\" data-id=\"c844021\" data-element_type=\"widget\" data-widget_type=\"image.default\">\n\t\t\t\t\t\t\t\t\t\t\t\t\t\t\t<img fetchpriority=\"high\" decoding=\"async\" width=\"525\" height=\"642\" src=\"https:\/\/filmambiente.com\/wp-content\/uploads\/2022\/10\/Alenir_Guarani-Kaiowa-copy.jpeg\" class=\"attachment-large size-large wp-image-15760\" alt=\"\" srcset=\"https:\/\/filmambiente.com\/wp-content\/uploads\/2022\/10\/Alenir_Guarani-Kaiowa-copy.jpeg 533w, https:\/\/filmambiente.com\/wp-content\/uploads\/2022\/10\/Alenir_Guarani-Kaiowa-copy-245x300.jpeg 245w, https:\/\/filmambiente.com\/wp-content\/uploads\/2022\/10\/Alenir_Guarani-Kaiowa-copy-10x12.jpeg 10w\" sizes=\"(max-width: 525px) 100vw, 525px\" \/>\t\t\t\t\t\t\t\t\t\t\t\t\t\t\t<\/div>\n\t\t\t\t\t<\/div>\n\t\t<\/div>\n\t\t\t\t\t<\/div>\n\t\t<\/section>\n\t\t\t\t<\/div>","protected":false},"excerpt":{"rendered":"<p>DebateVento na Fronteira Ap\u00f3s a sess\u00e3o de Vento na Fronteira, debate com a personagem Alenir Aquino Ximendes &#8211; em Guarani,\u00a0Ku\u00f1a Poty Rendy&#8217;I \u2013 e outro(s) nome(s) a ser(em) confirmado(os) sobre a dram\u00e1tica situa\u00e7\u00e3o de ataque aos ind\u00edgenas Guarani Kaiow\u00e1 no Mato Grosso do Sul. ALENIR AQUINO XIMENDES | KU\u00d1A POTY RENDY&#8217;I Ind\u00edgena da etnia Kaiow\u00e1,\u00a0\u00e9\u00a0uma [&hellip;]<\/p>","protected":false},"author":2,"featured_media":0,"parent":0,"menu_order":0,"comment_status":"closed","ping_status":"closed","template":"elementor_header_footer","meta":{"_acf_changed":false,"footnotes":""},"class_list":["post-15744","page","type-page","status-publish","hentry"],"acf":[],"_links":{"self":[{"href":"https:\/\/filmambiente.com\/en\/wp-json\/wp\/v2\/pages\/15744","targetHints":{"allow":["GET"]}}],"collection":[{"href":"https:\/\/filmambiente.com\/en\/wp-json\/wp\/v2\/pages"}],"about":[{"href":"https:\/\/filmambiente.com\/en\/wp-json\/wp\/v2\/types\/page"}],"author":[{"embeddable":true,"href":"https:\/\/filmambiente.com\/en\/wp-json\/wp\/v2\/users\/2"}],"replies":[{"embeddable":true,"href":"https:\/\/filmambiente.com\/en\/wp-json\/wp\/v2\/comments?post=15744"}],"version-history":[{"count":7,"href":"https:\/\/filmambiente.com\/en\/wp-json\/wp\/v2\/pages\/15744\/revisions"}],"predecessor-version":[{"id":15763,"href":"https:\/\/filmambiente.com\/en\/wp-json\/wp\/v2\/pages\/15744\/revisions\/15763"}],"wp:attachment":[{"href":"https:\/\/filmambiente.com\/en\/wp-json\/wp\/v2\/media?parent=15744"}],"curies":[{"name":"wp","href":"https:\/\/api.w.org\/{rel}","templated":true}]}}

<div data-elementor-type="wp-page" data-elementor-id="15744" class="elementor elementor-15744" data-elementor-post-type="page">
						<section class="elementor-section elementor-top-section elementor-element elementor-element-79af01f elementor-section-boxed elementor-section-height-default elementor-section-height-default" data-id="79af01f" data-element_type="section" data-settings="{&quot;background_background&quot;:&quot;classic&quot;,&quot;_ha_eqh_enable&quot;:false}">
							<div class="elementor-background-overlay"></div>
							<div class="elementor-container elementor-column-gap-default">
					<div class="elementor-column elementor-col-50 elementor-top-column elementor-element elementor-element-368e51d animated-slow elementor-invisible" data-id="368e51d" data-element_type="column" data-settings="{&quot;background_background&quot;:&quot;classic&quot;,&quot;animation&quot;:&quot;slideInUp&quot;,&quot;animation_delay&quot;:600}">
			<div class="elementor-widget-wrap elementor-element-populated">
						<div class="elementor-element elementor-element-4226181 elementor-widget elementor-widget-heading" data-id="4226181" data-element_type="widget" data-widget_type="heading.default">
					<h2 class="elementor-heading-title elementor-size-default">Debate<br>The Wind Blows the Border</h2>				</div>
				<div class="elementor-element elementor-element-d8113d5 elementor-widget elementor-widget-text-editor" data-id="d8113d5" data-element_type="widget" data-widget_type="text-editor.default">
									Após a sessão de <em>The Wind Blows the Border</em>, debate com a personagem Alenir Aquino Ximendes &#8211; em Guarani, Kuña Poty Rendy&#8217;I – e outro(s) nome(s) a ser(em) confirmado(os) sobre a dramática situação de ataque aos indígenas Guarani Kaiowá no Mato Grosso do Sul.								</div>
				<div class="elementor-element elementor-element-e4610de elementor-widget elementor-widget-heading" data-id="e4610de" data-element_type="widget" data-widget_type="heading.default">
					<h2 class="elementor-heading-title elementor-size-default">ALENIR AQUINO XIMENDES | KUÑA POTY RENDY'I</h2>				</div>
				<div class="elementor-element elementor-element-1f3e750 elementor-widget elementor-widget-text-editor" data-id="1f3e750" data-element_type="widget" data-widget_type="text-editor.default">
									<p class="translation-block">An indigenous of the Kaiowá ethnic group, she is one of the representatives of the Kuñague Aty Guasu, the Great Assembly of Kaiowá and Guarani Women, which deals with issues such as: domestic violence, state violence, attacks by gunmen on communities, food sovereignty, pesticides and the impacts of monoculture surrounding the villages, racism, prejudice, religious intolerance, rights of children and adolescents, rights of elders, environment, climate and all the Guarani Kaiowá struggle/mobilization agenda.</p><p class="translation-block">Alenir is director of the Mbo'eroy Tupã'i Municipal School Arandu Reño'i. She’s also part of the leadership committee of the Ñande Ru Marangatu Indigenous Land, in southern Mato Grosso do Sul, on the border with Paraguay, a place of years of systematic violence against indigenous people. Alenir is also one of the leaders of Tekoha “Ñande Ru Marangatu”.</p><p><em> </em>The Debate will take place at Blooks bookstore, at the entrance of Espaço Itau de Cinema.</p>								</div>
					</div>
		</div>
				<div class="elementor-column elementor-col-50 elementor-top-column elementor-element elementor-element-c817461 animated-slow elementor-invisible" data-id="c817461" data-element_type="column" data-settings="{&quot;animation&quot;:&quot;slideInUp&quot;,&quot;animation_delay&quot;:600}">
			<div class="elementor-widget-wrap elementor-element-populated">
						<div class="elementor-element elementor-element-ea0cec7 elementor-widget elementor-widget-heading" data-id="ea0cec7" data-element_type="widget" data-widget_type="heading.default">
					<h2 class="elementor-heading-title elementor-size-default">November, 7th <br> 11am <br>(Brazil time | GMT -3) </h2>				</div>
				<div class="elementor-element elementor-element-aa4cab1 elementor-align-center elementor-hidden-desktop elementor-hidden-tablet elementor-hidden-mobile elementor-widget elementor-widget-button" data-id="aa4cab1" data-element_type="widget" data-widget_type="button.default">
										<a class="elementor-button elementor-button-link elementor-size-sm elementor-animation-grow" href="https://us06web.zoom.us/webinar/register/WN_Y9ZJS_69Qxu4FTEVpjAn9Q" target="_blank">
						<span class="elementor-button-content-wrapper">
									<span class="elementor-button-text">REGISTER</span>
					</span>
					</a>
								</div>
				<div class="elementor-element elementor-element-0c778e9 elementor-hidden-desktop elementor-hidden-tablet elementor-hidden-mobile elementor-widget elementor-widget-heading" data-id="0c778e9" data-element_type="widget" data-widget_type="heading.default">
					<h2 class="elementor-heading-title elementor-size-default">Available Worldwide</h2>				</div>
				<div class="elementor-element elementor-element-c844021 elementor-widget elementor-widget-image" data-id="c844021" data-element_type="widget" data-widget_type="image.default">
															<img fetchpriority="high" decoding="async" width="525" height="642" src="https://filmambiente.com/wp-content/uploads/2022/10/Alenir_Guarani-Kaiowa-copy.jpeg" class="attachment-large size-large wp-image-15760" alt="" srcset="https://filmambiente.com/wp-content/uploads/2022/10/Alenir_Guarani-Kaiowa-copy.jpeg 533w, https://filmambiente.com/wp-content/uploads/2022/10/Alenir_Guarani-Kaiowa-copy-245x300.jpeg 245w, https://filmambiente.com/wp-content/uploads/2022/10/Alenir_Guarani-Kaiowa-copy-10x12.jpeg 10w" sizes="(max-width: 525px) 100vw, 525px" />															</div>
					</div>
		</div>
					</div>
		</section>
				</div>

<p>DebateVento na Fronteira Após a sessão de Vento na Fronteira, debate com a personagem Alenir Aquino Ximendes &#8211; em Guarani, Kuña Poty Rendy&#8217;I – e outro(s) nome(s) a ser(em) confirmado(os) sobre a dramática situação de ataque aos indígenas Guarani Kaiowá no Mato Grosso do Sul. ALENIR AQUINO XIMENDES | KUÑA POTY RENDY&#8217;I Indígena da etnia Kaiowá, é uma [&hellip;]</p>
