{"id":15744,"date":"2022-10-03T15:24:47","date_gmt":"2022-10-03T18:24:47","guid":{"rendered":"https:\/\/filmambiente.com\/?page_id=15744"},"modified":"2022-10-03T15:46:28","modified_gmt":"2022-10-03T18:46:28","slug":"debate-vento-na-fronteira","status":"publish","type":"page","link":"https:\/\/filmambiente.com\/br\/debate-vento-na-fronteira\/","title":{"rendered":"Debate Vento na Fronteira"},"content":{"rendered":"\t\t<div data-elementor-type=\"wp-page\" data-elementor-id=\"15744\" class=\"elementor elementor-15744\" data-elementor-post-type=\"page\">\n\t\t\t\t\t\t<section class=\"elementor-section elementor-top-section elementor-element elementor-element-79af01f elementor-section-boxed elementor-section-height-default elementor-section-height-default\" data-id=\"79af01f\" data-element_type=\"section\" data-settings=\"{&quot;background_background&quot;:&quot;classic&quot;,&quot;_ha_eqh_enable&quot;:false}\">\n\t\t\t\t\t\t\t<div class=\"elementor-background-overlay\"><\/div>\n\t\t\t\t\t\t\t<div class=\"elementor-container elementor-column-gap-default\">\n\t\t\t\t\t<div class=\"elementor-column elementor-col-50 elementor-top-column elementor-element elementor-element-368e51d animated-slow elementor-invisible\" data-id=\"368e51d\" data-element_type=\"column\" data-settings=\"{&quot;background_background&quot;:&quot;classic&quot;,&quot;animation&quot;:&quot;slideInUp&quot;,&quot;animation_delay&quot;:600}\">\n\t\t\t<div class=\"elementor-widget-wrap elementor-element-populated\">\n\t\t\t\t\t\t<div class=\"elementor-element elementor-element-4226181 elementor-widget elementor-widget-heading\" data-id=\"4226181\" data-element_type=\"widget\" data-widget_type=\"heading.default\">\n\t\t\t\t\t<h2 class=\"elementor-heading-title elementor-size-default\">Debate<br>Vento na Fronteira<\/h2>\t\t\t\t<\/div>\n\t\t\t\t<div class=\"elementor-element elementor-element-d8113d5 elementor-widget elementor-widget-text-editor\" data-id=\"d8113d5\" data-element_type=\"widget\" data-widget_type=\"text-editor.default\">\n\t\t\t\t\t\t\t\t\tAp\u00f3s a sess\u00e3o de <em>Vento na Fronteira<\/em>, debate com a personagem Alenir Aquino Ximendes &#8211; em Guarani,\u00a0Ku\u00f1a Poty Rendy&#8217;I \u2013 e outro(s) nome(s) a ser(em) confirmado(os) sobre a dram\u00e1tica situa\u00e7\u00e3o de ataque aos ind\u00edgenas Guarani Kaiow\u00e1 no Mato Grosso do Sul.\t\t\t\t\t\t\t\t<\/div>\n\t\t\t\t<div class=\"elementor-element elementor-element-e4610de elementor-widget elementor-widget-heading\" data-id=\"e4610de\" data-element_type=\"widget\" data-widget_type=\"heading.default\">\n\t\t\t\t\t<h2 class=\"elementor-heading-title elementor-size-default\">ALENIR AQUINO XIMENDES | KU\u00d1A POTY RENDY'I<\/h2>\t\t\t\t<\/div>\n\t\t\t\t<div class=\"elementor-element elementor-element-1f3e750 elementor-widget elementor-widget-text-editor\" data-id=\"1f3e750\" data-element_type=\"widget\" data-widget_type=\"text-editor.default\">\n\t\t\t\t\t\t\t\t\t<p>Ind\u00edgena da etnia Kaiow\u00e1,\u00a0\u00e9\u00a0uma das\u00a0representantes da\u00a0<em>Ku\u00f1ague Aty Guasu<\/em>, a Grande Assembleia das Mulheres Kaiow\u00e1 e Guarani, que trata de pautas\u00a0como: viol\u00eancia dom\u00e9stica, viol\u00eancia de estado, ataques de pistoleiros \u00e0s comunidades, soberania alimentar, agrot\u00f3xicos e os impactos da monocultura ao entorno das aldeias, racismo, preconceito, intoler\u00e2ncia religiosa, direitos das crian\u00e7as e adolescentes, direitos das anci\u00e3s e anci\u00f5es, meio ambiente, clima e a agenda de luta\/mobiliza\u00e7\u00e3o Guarani Kaiow\u00e1.\u00a0<\/p><p>Alenir \u00e9 diretora da\u00a0Escola<strong>\u00a0<\/strong>Municipal\u00a0<em>Mbo&#8217;eroy Tup\u00e3&#8217;i Arandu Re\u00f1o&#8217;i<\/em>\u00a0tamb\u00e9m<em>\u00a0<\/em>faz parte\u00a0do comit\u00ea de lideran\u00e7as da Terra Ind\u00edgena <em>\u00d1ande Ru Marangatu<\/em>, no sul do Mato Grosso do Sul, fronteira com o Paraguai, e palco de anos de viol\u00eancia sistem\u00e1tica contra pessoas ind\u00edgenas.\u00a0Alenir \u00e9 tamb\u00e9m \u00e9 uma das lideran\u00e7as do Tekoha <em>\u201c\u00d1ande Ru Marangatu\u201d.<\/em><\/p><p><em>\u00a0<\/em>O debate acontece na Livraria Blooks, na galeria do Espa\u00e7o Ita\u00fa de Cinema.<\/p>\t\t\t\t\t\t\t\t<\/div>\n\t\t\t\t\t<\/div>\n\t\t<\/div>\n\t\t\t\t<div class=\"elementor-column elementor-col-50 elementor-top-column elementor-element elementor-element-c817461 animated-slow elementor-invisible\" data-id=\"c817461\" data-element_type=\"column\" data-settings=\"{&quot;animation&quot;:&quot;slideInUp&quot;,&quot;animation_delay&quot;:600}\">\n\t\t\t<div class=\"elementor-widget-wrap elementor-element-populated\">\n\t\t\t\t\t\t<div class=\"elementor-element elementor-element-ea0cec7 elementor-widget elementor-widget-heading\" data-id=\"ea0cec7\" data-element_type=\"widget\" data-widget_type=\"heading.default\">\n\t\t\t\t\t<h2 class=\"elementor-heading-title elementor-size-default\">Dia 7 de Novembro <BR> 11 horas <br>(Hor\u00e1rio do Brasil | GMT -3) <\/h2>\t\t\t\t<\/div>\n\t\t\t\t<div class=\"elementor-element elementor-element-aa4cab1 elementor-align-center elementor-hidden-desktop elementor-hidden-tablet elementor-hidden-mobile elementor-widget elementor-widget-button\" data-id=\"aa4cab1\" data-element_type=\"widget\" data-widget_type=\"button.default\">\n\t\t\t\t\t\t\t\t\t\t<a class=\"elementor-button elementor-button-link elementor-size-sm elementor-animation-grow\" href=\"https:\/\/us06web.zoom.us\/webinar\/register\/WN_Y9ZJS_69Qxu4FTEVpjAn9Q\" target=\"_blank\">\n\t\t\t\t\t\t<span class=\"elementor-button-content-wrapper\">\n\t\t\t\t\t\t\t\t\t<span class=\"elementor-button-text\">INSCREVA-SE<\/span>\n\t\t\t\t\t<\/span>\n\t\t\t\t\t<\/a>\n\t\t\t\t\t\t\t\t<\/div>\n\t\t\t\t<div class=\"elementor-element elementor-element-0c778e9 elementor-hidden-desktop elementor-hidden-tablet elementor-hidden-mobile elementor-widget elementor-widget-heading\" data-id=\"0c778e9\" data-element_type=\"widget\" data-widget_type=\"heading.default\">\n\t\t\t\t\t<h2 class=\"elementor-heading-title elementor-size-default\">Dispon\u00edvel para todo o mundo<\/h2>\t\t\t\t<\/div>\n\t\t\t\t<div class=\"elementor-element elementor-element-c844021 elementor-widget elementor-widget-image\" data-id=\"c844021\" data-element_type=\"widget\" data-widget_type=\"image.default\">\n\t\t\t\t\t\t\t\t\t\t\t\t\t\t\t<img fetchpriority=\"high\" decoding=\"async\" width=\"525\" height=\"642\" src=\"https:\/\/filmambiente.com\/wp-content\/uploads\/2022\/10\/Alenir_Guarani-Kaiowa-copy.jpeg\" class=\"attachment-large size-large wp-image-15760\" alt=\"\" srcset=\"https:\/\/filmambiente.com\/wp-content\/uploads\/2022\/10\/Alenir_Guarani-Kaiowa-copy.jpeg 533w, https:\/\/filmambiente.com\/wp-content\/uploads\/2022\/10\/Alenir_Guarani-Kaiowa-copy-245x300.jpeg 245w, https:\/\/filmambiente.com\/wp-content\/uploads\/2022\/10\/Alenir_Guarani-Kaiowa-copy-10x12.jpeg 10w\" sizes=\"(max-width: 525px) 100vw, 525px\" \/>\t\t\t\t\t\t\t\t\t\t\t\t\t\t\t<\/div>\n\t\t\t\t\t<\/div>\n\t\t<\/div>\n\t\t\t\t\t<\/div>\n\t\t<\/section>\n\t\t\t\t<\/div>\n\t\t","protected":false},"excerpt":{"rendered":"<p>DebateVento na Fronteira Ap\u00f3s a sess\u00e3o de Vento na Fronteira, debate com a personagem Alenir Aquino Ximendes &#8211; em Guarani,\u00a0Ku\u00f1a Poty Rendy&#8217;I \u2013 e outro(s) nome(s) a ser(em) confirmado(os) sobre a dram\u00e1tica situa\u00e7\u00e3o de ataque aos ind\u00edgenas Guarani Kaiow\u00e1 no Mato Grosso do Sul. ALENIR AQUINO XIMENDES | KU\u00d1A POTY RENDY&#8217;I Ind\u00edgena da etnia Kaiow\u00e1,\u00a0\u00e9\u00a0uma [&hellip;]<\/p>\n","protected":false},"author":2,"featured_media":0,"parent":0,"menu_order":0,"comment_status":"closed","ping_status":"closed","template":"elementor_header_footer","meta":{"_acf_changed":false,"footnotes":""},"class_list":["post-15744","page","type-page","status-publish","hentry"],"acf":[],"_links":{"self":[{"href":"https:\/\/filmambiente.com\/br\/wp-json\/wp\/v2\/pages\/15744","targetHints":{"allow":["GET"]}}],"collection":[{"href":"https:\/\/filmambiente.com\/br\/wp-json\/wp\/v2\/pages"}],"about":[{"href":"https:\/\/filmambiente.com\/br\/wp-json\/wp\/v2\/types\/page"}],"author":[{"embeddable":true,"href":"https:\/\/filmambiente.com\/br\/wp-json\/wp\/v2\/users\/2"}],"replies":[{"embeddable":true,"href":"https:\/\/filmambiente.com\/br\/wp-json\/wp\/v2\/comments?post=15744"}],"version-history":[{"count":7,"href":"https:\/\/filmambiente.com\/br\/wp-json\/wp\/v2\/pages\/15744\/revisions"}],"predecessor-version":[{"id":15763,"href":"https:\/\/filmambiente.com\/br\/wp-json\/wp\/v2\/pages\/15744\/revisions\/15763"}],"wp:attachment":[{"href":"https:\/\/filmambiente.com\/br\/wp-json\/wp\/v2\/media?parent=15744"}],"curies":[{"name":"wp","href":"https:\/\/api.w.org\/{rel}","templated":true}]}}

<div data-elementor-type="wp-page" data-elementor-id="15744" class="elementor elementor-15744" data-elementor-post-type="page">
						<section class="elementor-section elementor-top-section elementor-element elementor-element-79af01f elementor-section-boxed elementor-section-height-default elementor-section-height-default" data-id="79af01f" data-element_type="section" data-settings="{&quot;background_background&quot;:&quot;classic&quot;,&quot;_ha_eqh_enable&quot;:false}">
							<div class="elementor-background-overlay"></div>
							<div class="elementor-container elementor-column-gap-default">
					<div class="elementor-column elementor-col-50 elementor-top-column elementor-element elementor-element-368e51d animated-slow elementor-invisible" data-id="368e51d" data-element_type="column" data-settings="{&quot;background_background&quot;:&quot;classic&quot;,&quot;animation&quot;:&quot;slideInUp&quot;,&quot;animation_delay&quot;:600}">
			<div class="elementor-widget-wrap elementor-element-populated">
						<div class="elementor-element elementor-element-4226181 elementor-widget elementor-widget-heading" data-id="4226181" data-element_type="widget" data-widget_type="heading.default">
					<h2 class="elementor-heading-title elementor-size-default">Debate<br>Vento na Fronteira</h2>				</div>
				<div class="elementor-element elementor-element-d8113d5 elementor-widget elementor-widget-text-editor" data-id="d8113d5" data-element_type="widget" data-widget_type="text-editor.default">
									Após a sessão de <em>Vento na Fronteira</em>, debate com a personagem Alenir Aquino Ximendes &#8211; em Guarani, Kuña Poty Rendy&#8217;I – e outro(s) nome(s) a ser(em) confirmado(os) sobre a dramática situação de ataque aos indígenas Guarani Kaiowá no Mato Grosso do Sul.								</div>
				<div class="elementor-element elementor-element-e4610de elementor-widget elementor-widget-heading" data-id="e4610de" data-element_type="widget" data-widget_type="heading.default">
					<h2 class="elementor-heading-title elementor-size-default">ALENIR AQUINO XIMENDES | KUÑA POTY RENDY'I</h2>				</div>
				<div class="elementor-element elementor-element-1f3e750 elementor-widget elementor-widget-text-editor" data-id="1f3e750" data-element_type="widget" data-widget_type="text-editor.default">
									<p>Indígena da etnia Kaiowá, é uma das representantes da <em>Kuñague Aty Guasu</em>, a Grande Assembleia das Mulheres Kaiowá e Guarani, que trata de pautas como: violência doméstica, violência de estado, ataques de pistoleiros às comunidades, soberania alimentar, agrotóxicos e os impactos da monocultura ao entorno das aldeias, racismo, preconceito, intolerância religiosa, direitos das crianças e adolescentes, direitos das anciãs e anciões, meio ambiente, clima e a agenda de luta/mobilização Guarani Kaiowá. </p><p>Alenir é diretora da Escola<strong> </strong>Municipal <em>Mbo&#8217;eroy Tupã&#8217;i Arandu Reño&#8217;i</em> também<em> </em>faz parte do comitê de lideranças da Terra Indígena <em>Ñande Ru Marangatu</em>, no sul do Mato Grosso do Sul, fronteira com o Paraguai, e palco de anos de violência sistemática contra pessoas indígenas. Alenir é também é uma das lideranças do Tekoha <em>“Ñande Ru Marangatu”.</em></p><p><em> </em>O debate acontece na Livraria Blooks, na galeria do Espaço Itaú de Cinema.</p>								</div>
					</div>
		</div>
				<div class="elementor-column elementor-col-50 elementor-top-column elementor-element elementor-element-c817461 animated-slow elementor-invisible" data-id="c817461" data-element_type="column" data-settings="{&quot;animation&quot;:&quot;slideInUp&quot;,&quot;animation_delay&quot;:600}">
			<div class="elementor-widget-wrap elementor-element-populated">
						<div class="elementor-element elementor-element-ea0cec7 elementor-widget elementor-widget-heading" data-id="ea0cec7" data-element_type="widget" data-widget_type="heading.default">
					<h2 class="elementor-heading-title elementor-size-default">Dia 7 de Novembro <BR> 11 horas <br>(Horário do Brasil | GMT -3) </h2>				</div>
				<div class="elementor-element elementor-element-aa4cab1 elementor-align-center elementor-hidden-desktop elementor-hidden-tablet elementor-hidden-mobile elementor-widget elementor-widget-button" data-id="aa4cab1" data-element_type="widget" data-widget_type="button.default">
										<a class="elementor-button elementor-button-link elementor-size-sm elementor-animation-grow" href="https://us06web.zoom.us/webinar/register/WN_Y9ZJS_69Qxu4FTEVpjAn9Q" target="_blank">
						<span class="elementor-button-content-wrapper">
									<span class="elementor-button-text">INSCREVA-SE</span>
					</span>
					</a>
								</div>
				<div class="elementor-element elementor-element-0c778e9 elementor-hidden-desktop elementor-hidden-tablet elementor-hidden-mobile elementor-widget elementor-widget-heading" data-id="0c778e9" data-element_type="widget" data-widget_type="heading.default">
					<h2 class="elementor-heading-title elementor-size-default">Disponível para todo o mundo</h2>				</div>
				<div class="elementor-element elementor-element-c844021 elementor-widget elementor-widget-image" data-id="c844021" data-element_type="widget" data-widget_type="image.default">
															<img fetchpriority="high" decoding="async" width="525" height="642" src="https://filmambiente.com/wp-content/uploads/2022/10/Alenir_Guarani-Kaiowa-copy.jpeg" class="attachment-large size-large wp-image-15760" alt="" srcset="https://filmambiente.com/wp-content/uploads/2022/10/Alenir_Guarani-Kaiowa-copy.jpeg 533w, https://filmambiente.com/wp-content/uploads/2022/10/Alenir_Guarani-Kaiowa-copy-245x300.jpeg 245w, https://filmambiente.com/wp-content/uploads/2022/10/Alenir_Guarani-Kaiowa-copy-10x12.jpeg 10w" sizes="(max-width: 525px) 100vw, 525px" />															</div>
					</div>
		</div>
					</div>
		</section>
				</div>

<p>DebateVento na Fronteira Após a sessão de Vento na Fronteira, debate com a personagem Alenir Aquino Ximendes &#8211; em Guarani, Kuña Poty Rendy&#8217;I – e outro(s) nome(s) a ser(em) confirmado(os) sobre a dramática situação de ataque aos indígenas Guarani Kaiowá no Mato Grosso do Sul. ALENIR AQUINO XIMENDES | KUÑA POTY RENDY&#8217;I Indígena da etnia Kaiowá, é uma [&hellip;]</p>
